prime factors of 414267585?
3, 5, 27617839
List the prime factors of 1474700770.
2, 5, 19, 7761583
What are the prime factors of 229482640?
2, 5, 317, 9049
List the prime factors of 1857546830.
2, 5, 3229, 57527
List the prime factors of 299907988.
2, 6299, 11903
List the prime factors of 51734884.
2, 571, 22651
List the prime factors of 43773435.
3, 5, 19, 51197
What are the prime factors of 796929868?
2, 7, 4397, 6473
List the prime factors of 32913268.
2, 59, 89, 1567
List the prime factors of 723538690.
2, 5, 7, 29, 61, 5843
List the prime factors of 688610602.
2, 17, 311, 65123
List the prime factors of 35880869.
3413, 10513
What are the prime factors of 41732674?
2, 20866337
What are the prime factors of 149098748?
2, 37274687
What are the prime factors of 445443718?
2, 137, 1625707
What are the prime factors of 382965836?
2, 11, 37, 67, 3511
List the prime factors of 317873402.
2, 7, 11, 2064113
What are the prime factors of 1605750546?
2, 3, 197, 467, 2909
What are the prime factors of 1733921756?
2, 7, 283, 218819
List the prime factors of 753817987.
13, 1931, 30029
List the prime factors of 3207508396.
2, 801877099
What are the prime factors of 5440348031?
5440348031
What are the prime factors of 43217645?
5, 373, 23173
List the prime factors of 216836136.
2, 3, 11, 263, 347
List the prime factors of 102289610.
2, 5, 127, 239, 337
List the prime factors of 1405593563.
11, 127781233
List the prime factors of 24357029.
59, 412831
What are the prime factors of 34229027?
7, 59, 67, 1237
What are the prime factors of 30139341?
3, 10046447
What are the prime factors of 16842285?
3, 5, 241, 1553
List the prime factors of 19805115.
3, 5, 11, 29, 4139
What are the prime factors of 302156028?
2, 3, 17, 199, 827
What are the prime factors of 597529436?
2, 7, 21340337
What are the prime factors of 75118506?
2, 3, 23, 43, 12659
What are the prime factors of 4796497239?
3, 107, 1373, 10883
What are the prime factors of 958157102?
2, 7, 2797, 24469
What are the prime factors of 47311837?
2803, 16879
What are the prime factors of 2174705377?
13, 37, 4521217
List the prime factors of 793892641.
163, 1049, 4643
List the prime factors of 9168630.
2, 3, 5, 305621
List the prime factors of 2303725623.
3, 19, 59, 277, 2473
What are the prime factors of 553497688?
2, 4801, 14411
List the prime factors of 151387390.
2, 5, 7, 11, 421, 467
What are the prime factors of 40671693?
3, 1506359
List the prime factors of 372524254.
2, 186262127
List the prime factors of 19296623.
19296623
List the prime factors of 263508729.
3, 11, 401, 19913
List the prime factors of 83838981.
3, 27946327
What are the prime factors of 27770396?
2, 79, 87881
List the prime factors of 37775281.
59, 640259
What are the prime factors of 706960087?
1867, 378661
List the prime factors of 104840586.
2, 3, 5824477
What are the prime factors of 945305957?
23, 4157, 9887
List the prime factors of 36290185.
5, 823, 8819
What are the prime factors of 738372108?
2, 3, 1493, 41213
What are the prime factors of 420093062?
2, 210046531
What are the prime factors of 293351259?
3, 67, 929, 1571
List the prime factors of 1763709768.
2, 3, 8165323
What are the prime factors of 506135701?
113, 163, 27479
List the prime factors of 143989950.
2, 3, 5, 13, 41, 1801
List the prime factors of 14411208.
2, 3, 7, 85781
What are the prime factors of 10668419?
2129, 5011
What are the prime factors of 73000455?
3, 5, 11, 43, 10289
What are the prime factors of 3917694686?
2, 1958847343
List the prime factors of 1616453650.
2, 5, 7, 109, 6053
What are the prime factors of 5811035?
5, 37, 101, 311
What are the prime factors of 9058644?
2, 3, 7, 103, 349
What are the prime factors of 15711453?
3, 1745717
What are the prime factors of 22653531?
3, 631, 3989
List the prime factors of 27765652.
2, 6941413
What are the prime factors of 870379188?
2, 3, 7, 31, 334247
List the prime factors of 404139543.
3, 2663, 50587
List the prime factors of 1016412437.
1016412437
What are the prime factors of 4780731580?
2, 5, 239036579
What are the prime factors of 198568451?
3889, 51059
What are the prime factors of 217479835?
5, 23, 82223
What are the prime factors of 751584781?
751584781
List the prime factors of 1719233180.
2, 5, 7, 971, 12647
What are the prime factors of 420171081?
3, 11, 12732457
List the prime factors of 1568639231.
12721, 123311
What are the prime factors of 571150125?
3, 5, 7, 13, 797
What are the prime factors of 318992858?
2, 4373, 36473
What are the prime factors of 45093236?
2, 71, 83, 1913
List the prime factors of 135857665.
5, 23, 431, 2741
What are the prime factors of 11627342?
2, 461, 12611
List the prime factors of 1474676270.
2, 5, 147467627
List the prime factors of 104502592.
2, 1632853
What are the prime factors of 17439584?
2, 233, 2339
List the prime factors of 2446882464.
2, 3, 13, 1960643
What are the prime factors of 532882215?
3, 5, 139, 85193
List the prime factors of 1261124391.
3, 37, 1877, 6053
List the prime factors of 340811370.
2, 3, 5, 101, 37493
List the prime factors of 1673719453.
7, 23, 347, 29959
What are the prime factors of 1262234829?
3, 420744943
List the prime factors of 437358522.
2, 3, 1657, 43991
What are the prime factors of 2824227939?
3, 13, 72416101
What are the prime factors of 8381610667?
13967, 600101
What are the prime factors of 1442476846?
2, 19, 37959917
What are the prime factors of 25572348?
2, 3, 26309
What are the prime factors of 58194171?
3, 7, 337, 2741
What are the prime factors of 11261760?
2, 3, 5, 11731
What are the prime factors of 1061669364?
2, 3, 7, 59, 214219
List the prime factors of 1071582396.
2, 3, 41, 479, 4547
What are the prime factors of 71107530?
2, 3, 5, 13, 41, 4447
List the prime factors of 2357222424.
2, 3, 4789, 20509
What are the prime factors of 228978814?
2, 17, 79, 163, 523
What are the prime factors of 2882962921?
3917, 736013
List the prime factors of 104030232.
2, 3, 4334593
What are the prime factors of 415573834?
2, 13, 1033, 15473
What are the prime factors of 350942178?
2, 3, 43, 1360241
List the prime factors of 114133528.
2, 659, 21649
List the prime factors of 43349539.
43349539
List the prime factors of 208064058.
2, 3, 34677343
List the prime factors of 316907724.
2, 3, 7, 3772711
List the prime factors of 156939699.
3, 7, 17, 62801
List the prime factors of 4483634231.
19, 47, 73, 109, 631
What are the prime factors of 1374857886?
2, 3, 223, 1027547
List the prime factors of 56709317.
7, 1157333
What are the prime factors of 91897646?
2, 41, 379, 2957
List the prime factors of 1510315592.
2, 29, 61, 106721
What are the prime factors of 173062677?
3, 31, 571, 3259
List the prime factors of 46833310.
2, 5, 683, 6857
What are the prime factors of 1983480998?
2, 31, 59, 67, 8093
What are the prime factors of 1941759435?
3, 5, 7, 11, 19, 4657
List the prime factors of 3290572923.
3, 11, 2549, 39119
What are the prime factors of 8365127419?
11, 97, 7839857
What are the prime factors of 25507139?
7, 19, 191783
List the prime factors of 53082898.
2, 11, 43, 56113
List the prime factors of 119673986.
2, 967, 61879
What are the prime factors of 9600802385?
5, 2957, 649361
What are the prime factors of 993689090?
2, 5, 99368909
List the prime factors of 39138879.
3, 13, 17, 19, 239
List the prime factors of 1878164644.
2, 79, 5943559
List the prime factors of 105382244.
2, 11, 2395051
What are the prime factors of 789869228?
2, 197467307
List the prime factors of 42860891.
23, 1863517
What are the prime factors of 2532083379?
3, 7, 31, 193, 2879
What are the prime factors of 2208767164?
2, 552191791
What are the prime factors of 157860281?
157860281
What are the prime factors of 499337815?
5, 1423, 70181
List the prime factors of 7538144.
2, 29, 8123
What are the prime factors of 2406271193?
1789, 1345037
What are the prime factors of 1460578867?
11, 23, 127, 131, 347
What are the prime factors of 3398652?
2, 3, 31469
What are the prime factors of 1536354977?
37217, 41281
List the prime factors of 301496997.
3, 19, 823, 6427
List the prime factors of 3935492010.
2, 3, 5, 17, 41, 43, 1459
What are the prime factors of 68881749?
3, 61, 113, 3331
What are the prime factors of 95715639?
3, 191, 55681
List the prime f